{"id":1000,"date":"2025-09-03T06:31:00","date_gmt":"2025-09-03T04:31:00","guid":{"rendered":"https:\/\/entresaberesysabores.com\/?page_id=1000"},"modified":"2025-09-03T06:31:01","modified_gmt":"2025-09-03T04:31:01","slug":"mi-muchosidad","status":"publish","type":"page","link":"https:\/\/entresaberesysabores.com\/index.php\/mi-muchosidad\/","title":{"rendered":"Mi Muchosidad"},"content":{"rendered":"\n<figure class=\"wp-block-embed is-type-video is-provider-youtube wp-block-embed-youtube wp-embed-aspect-16-9 wp-has-aspect-ratio\"><div class=\"wp-block-embed__wrapper\">\n<iframe title=\"Mi Muchosidad: La historia detr\u00e1s de Entre Saberes y Sabores\" width=\"1290\" height=\"726\" data-src=\"https:\/\/www.youtube.com\/embed\/hG4Kag2BsRc?feature=oembed\" frameborder=\"0\" allow=\"accelerometer; autoplay; clipboard-write; encrypted-media; gyroscope; picture-in-picture; web-share\" referrerpolicy=\"strict-origin-when-cross-origin\" allowfullscreen src=\"data:image\/svg+xml;base64,PHN2ZyB3aWR0aD0iMSIgaGVpZ2h0PSIxIiB4bWxucz0iaHR0cDovL3d3dy53My5vcmcvMjAwMC9zdmciPjwvc3ZnPg==\" class=\"lazyload\" data-load-mode=\"1\"><\/iframe>\n<\/div><\/figure>\n\n\n\n<div class=\"wp-block-stackable-columns alignfull stk-block-columns stk-block stk-00be69a\" data-block-id=\"00be69a\"><style>.stk-00be69a {margin-top:var(--stk--preset--spacing--70, 3.38rem) !important;margin-bottom:NaNpx !important;}<\/style><div class=\"stk-row stk-inner-blocks stk-block-content stk-content-align stk-00be69a-column alignwide\">\n<div class=\"wp-block-stackable-column stk-block-column stk-column stk-block stk-5316cd9\" data-v=\"4\" data-block-id=\"5316cd9\"><div class=\"stk-column-wrapper stk-block-column__content stk-container stk-5316cd9-container stk--no-background stk--no-padding\"><div class=\"has-text-align-center stk-block-content stk-inner-blocks stk-5316cd9-inner-blocks\">\n<div class=\"wp-block-stackable-heading stk-block-heading stk-block-heading--v2 stk-block stk-4376830\" id=\"heading-placeholder\" data-block-id=\"4376830\"><h2 class=\"stk-block-heading__text\">\u00a1Bienvenidos mis queridos Adultos Significativos!<\/h2><\/div>\n\n\n\n<div class=\"wp-block-stackable-text stk-block-text stk-block stk-e2cddfe\" data-block-id=\"e2cddfe\"><p class=\"stk-block-text__text\">En este ratito, quiero <strong>contaros un poco sobre mi muchosidad,<\/strong> como dec\u00eda el <strong>Dr. Seuss.<\/strong>, porque <strong>mi historia<\/strong> es <strong>la suma de cada uno de mis pasos, de mis experiencias y de las personas que he conocido<\/strong>, y todas son importantes porque <strong>forman parte de este proyecto<\/strong>.<\/p><\/div>\n\n\n\n<p>Mi camino empez\u00f3 en <strong>Venezuela<\/strong>, donde estudi\u00e9 educaci\u00f3n, por <strong>vocaci\u00f3n<\/strong>, adem\u00e1s. &nbsp;All\u00ed, mi carrera se centr\u00f3 en el <strong>desarrollo integral de la infancia dentro del aula<\/strong>, como<strong> maestra. <\/strong>No obstante, al emigrar a <strong>Espa\u00f1a<\/strong>, y tener que hacer <strong>otros trabajos fuera del aula<\/strong>, siempre <strong>conectada con la infancia<\/strong>; descubr\u00ed que hay un mont\u00f3n de <strong>espacios en los que las infancias est\u00e1n siendo acompa\u00f1adas por adultos que les est\u00e1n dando significado y por ende les est\u00e1n educando<\/strong>.<\/p>\n\n\n\n<p>Por ello, en <strong>2015<\/strong>, decid\u00ed empezar a <strong>escribir todas estas experiencias en mi blog, Adrisa Conta Contos<\/strong>, contando historias para encontrar lo positivo de esas interacciones que ocurren m\u00e1s all\u00e1 del aula y con el tiempo esas <strong>reflexiones<\/strong> empezaron a <strong>enfocarse cada vez m\u00e1s en lo significativas y educativas que son las interacciones entre adultos y peques.<\/strong><\/p>\n\n\n\n<p>As\u00ed, paso a paso, mi camino continu\u00f3 y lleg\u00f3 <strong>la maternidad<\/strong>, un punto de inflexi\u00f3n que me hizo darme cuenta de que <strong>mi misi\u00f3n<\/strong> ten\u00eda que estar m\u00e1s <strong>conectada con todos esos adultos que acompa\u00f1an a la infancia en cada uno de sus espacios, m\u00e1s all\u00e1 del aula<\/strong>.<\/p>\n\n\n\n<p>As\u00ed surgi\u00f3 <strong>Entre Saberes y Sabores, este proyecto que ya forma parte de mi vida, en todos los sentidos.<\/strong> El nombre define mi esencia, porque <strong>mis saberes<\/strong> son esos conocimientos formales que he adquirido, y <strong>mis sabores<\/strong> son las experiencias como la maternidad y la emigraci\u00f3n, todas esas interacciones, los viajes, la m\u00fasica, los libros\u2026 <strong>todo lo que vivo y transito en mi SER y ESTAR&nbsp;<\/strong> y que ha construido mi muchosidad y me ha ayudado a descubrir que <strong>la clave no est\u00e1 solo en los ni\u00f1os, sino tambi\u00e9n en los adultos que los acompa\u00f1an, esos que son como una especie de Sherpa para las infancias.<\/strong><\/p>\n\n\n\n<p>Hoy, <strong>mi misi\u00f3n es simple: Activar tu &#8216;AS&#8217;, tu Adulto Significativo,<\/strong> para que descubras tu verdadero poder, <strong>abrazando la magia de ser t\u00fa mismo<\/strong> <strong>para inspirar a las nuevas generaciones e interactuar con ellas desde la atenci\u00f3n, la consciencia y la conexi\u00f3n plenas.<\/strong><\/p>\n\n\n\n<p>Esta consciencia, la de <strong>ser un Adulto Significativo<\/strong>, es un proceso vivo que se sigue expandiendo con cada experiencia e interacci\u00f3n, <strong>es un camino de constante crecimiento<\/strong> <strong>y estoy aqu\u00ed para ser equipo contigo para que encuentres tu propia verdad.<\/strong><\/p>\n\n\n\n<p>G<strong>racias por leerme este ratito<\/strong> y tambi\u00e9n por permitirme <strong>acompa\u00f1arte a expandir el Adulto Significativo que ya vive en ti,<\/strong> porque cuando lo <strong>activas<\/strong> te das cuenta que:<\/p>\n\n\n\n<p class=\"has-large-font-size\"><strong>La relaci\u00f3n con los peques de tu vida va de ti y de ellos; y de nadie m\u00e1s.<\/strong><\/p>\n\n\n\n<p class=\"has-medium-font-size\"><strong>Un abrazo.<\/strong><\/p>\n<\/div><\/div><\/div>\n<\/div><\/div>\n\n\n\n<p><\/p>\n\n\n\n<div class=\"wp-block-stackable-columns alignfull stk-block-columns stk-block stk-c3e14fc\" data-block-id=\"c3e14fc\"><style>.stk-c3e14fc {margin-top:var(--stk--preset--spacing--70, 3.38rem) !important;margin-bottom:var(--stk--preset--spacing--70, 3.38rem) !important;}<\/style><div class=\"stk-row stk-inner-blocks stk-block-content stk-content-align stk-c3e14fc-column alignwide\">\n<div class=\"wp-block-stackable-column stk-block-column stk-column stk-block stk-caf4b2c\" data-v=\"4\" data-block-id=\"caf4b2c\"><div class=\"stk-column-wrapper stk-block-column__content stk-container stk-caf4b2c-container stk--no-background stk--no-padding\"><div class=\"has-text-align-center stk-block-content stk-inner-blocks stk-caf4b2c-inner-blocks\">\n<div class=\"wp-block-stackable-heading stk-block-heading stk-block-heading--v2 stk-block stk-3b9bef2\" id=\"heading-placeholder\" data-block-id=\"3b9bef2\"><h2 class=\"stk-block-heading__text\">La muchosidad del logo de ESYS<\/h2><\/div>\n\n\n\n<div class=\"wp-block-stackable-text stk-block-text stk-block stk-3bcc990\" data-block-id=\"3bcc990\"><p class=\"stk-block-text__text\">Cada proyecto tiene una <strong>historia<\/strong> detr\u00e1s, y el <strong>logo de Entre Saberes y Sabores<\/strong> no es la excepci\u00f3n. Este dise\u00f1o es un reflejo de los valores que me mueven, especialmente la <strong>gratitud.<\/strong> En este video, te abro las puertas a una parte muy personal de mi proyecto, cont\u00e1ndote c\u00f3mo una <strong>talentosa artista <\/strong>plasm\u00f3 mi &#8216;muchosidad&#8217; en este dise\u00f1o. Con \u00e9l, honro mi historia y la visi\u00f3n de acompa\u00f1ar a <strong>adultos que gu\u00edan a las infancias<\/strong>. Te invito a conocer el significado detr\u00e1s de cada trazo.<\/p><\/div>\n\n\n\n<figure class=\"wp-block-embed is-type-video is-provider-youtube wp-block-embed-youtube wp-embed-aspect-4-3 wp-has-aspect-ratio\"><div class=\"wp-block-embed__wrapper\">\n<iframe title=\"Mi Muchosidad: La historia detr\u00e1s del logo de Entre Saberes y Sabores\" width=\"1290\" height=\"968\" data-src=\"https:\/\/www.youtube.com\/embed\/CJ8A2A4xjPo?feature=oembed\" frameborder=\"0\" allow=\"accelerometer; autoplay; clipboard-write; encrypted-media; gyroscope; picture-in-picture; web-share\" referrerpolicy=\"strict-origin-when-cross-origin\" allowfullscreen src=\"data:image\/svg+xml;base64,PHN2ZyB3aWR0aD0iMSIgaGVpZ2h0PSIxIiB4bWxucz0iaHR0cDovL3d3dy53My5vcmcvMjAwMC9zdmciPjwvc3ZnPg==\" class=\"lazyload\" data-load-mode=\"1\"><\/iframe>\n<\/div><\/figure>\n<\/div><\/div><\/div>\n<\/div><\/div>\n","protected":false},"excerpt":{"rendered":"<p>\u00a1Bienvenidos mis queridos Adultos Significativos! En este ratito, quiero contaros un poco sobre mi muchosidad, como dec\u00eda el Dr. Seuss., porque mi historia es la suma de cada uno de mis pasos, de mis experiencias y de las personas que he conocido, y todas son importantes porque forman parte de este proyecto. Mi camino empez\u00f3 [&hellip;]<\/p>\n","protected":false},"author":1,"featured_media":0,"parent":0,"menu_order":0,"comment_status":"closed","ping_status":"closed","template":"","meta":{"_gspb_post_css":"","om_disable_all_campaigns":false,"_monsterinsights_skip_tracking":false,"_monsterinsights_sitenote_active":false,"_monsterinsights_sitenote_note":"","_monsterinsights_sitenote_category":0,"_joinchat":[],"footnotes":""},"class_list":["post-1000","page","type-page","status-publish","hentry"],"blocksy_meta":[],"aioseo_notices":[],"_links":{"self":[{"href":"https:\/\/entresaberesysabores.com\/index.php\/wp-json\/wp\/v2\/pages\/1000","targetHints":{"allow":["GET"]}}],"collection":[{"href":"https:\/\/entresaberesysabores.com\/index.php\/wp-json\/wp\/v2\/pages"}],"about":[{"href":"https:\/\/entresaberesysabores.com\/index.php\/wp-json\/wp\/v2\/types\/page"}],"author":[{"embeddable":true,"href":"https:\/\/entresaberesysabores.com\/index.php\/wp-json\/wp\/v2\/users\/1"}],"replies":[{"embeddable":true,"href":"https:\/\/entresaberesysabores.com\/index.php\/wp-json\/wp\/v2\/comments?post=1000"}],"version-history":[{"count":15,"href":"https:\/\/entresaberesysabores.com\/index.php\/wp-json\/wp\/v2\/pages\/1000\/revisions"}],"predecessor-version":[{"id":1030,"href":"https:\/\/entresaberesysabores.com\/index.php\/wp-json\/wp\/v2\/pages\/1000\/revisions\/1030"}],"wp:attachment":[{"href":"https:\/\/entresaberesysabores.com\/index.php\/wp-json\/wp\/v2\/media?parent=1000"}],"curies":[{"name":"wp","href":"https:\/\/api.w.org\/{rel}","templated":true}]}}